{"id":1302,"date":"2024-06-22T21:38:29","date_gmt":"2024-06-23T01:38:29","guid":{"rendered":"https:\/\/chateauchic.online\/product\/4-grid-sealed-kitchen-cereal-storage-container-moisture-proof-plastic-food-jar-for-spaghetti-and-grains\/"},"modified":"2024-06-22T21:41:41","modified_gmt":"2024-06-23T01:41:41","slug":"4-grid-sealed-kitchen-cereal-storage-container-moisture-proof-plastic-food-jar-for-spaghetti-and-grains","status":"publish","type":"product","link":"https:\/\/fabricadanet.com.br\/chateau\/product\/4-grid-sealed-kitchen-cereal-storage-container-moisture-proof-plastic-food-jar-for-spaghetti-and-grains\/","title":{"rendered":"4-Grid Sealed Kitchen Cereal Storage Container &#8211; Moisture-Proof Plastic Food Jar for Spaghetti and Grains"},"content":{"rendered":"<h1>ESPECIFICA\u00c7\u00d5ES<\/h1>\n<p>&nbsp;<\/p>\n<p>Marca: <span style=\"color: #333;\">NoEnName_Null<\/span><\/p>\n<p>Origem: <span style=\"color: #333;\">China Continental<\/span><\/p>\n<p>Estilo: <span style=\"color: #333;\">Estilo Moderno<\/span><\/p>\n<p>Material: <span style=\"color: #333;\">PP<\/span><\/p>\n<p>Escolha: <span style=\"color: #333;\">sim<\/span><\/p>\n<p>&nbsp;<\/p>\n<p style=\"text-align: center;\" align=\"center\"><strong><span style=\"font-size: 20px;\">4 grades Cereais Recipiente de Alimentos Pote Selado<\/span><\/strong><\/p>\n<h2 style=\"text-align: left;\" align=\"left\"><span style=\"font-size: 16px;\"><strong>Caracter\u00edstica<\/strong><\/span><\/h2>\n<p style=\"text-align: left;\" align=\"left\"><span style=\"font-size: 14px;\">1. Recipiente de conserva\u00e7\u00e3o de alimentos do arm\u00e1rio da cozinha, boa veda\u00e7\u00e3o, imperme\u00e1vel e \u00e0 prova de umidade<\/span><\/p>\n<p><span style=\"font-size: 14px;\">2. Espa\u00e7o de armazenamento separado para classificar diferentes gr\u00e3os, feij\u00f5es e macarr\u00e3o<\/span><\/p>\n<p><span style=\"font-size: 14px;\">3. Material PP de grau aliment\u00edcio, cor transparente vis\u00edvel, f\u00e1cil de levar alimentos<\/span><\/p>\n<h2><span style=\"font-size: 16px; font-family: arial, helvetica, sans-serif;\"><strong>pecifica\u00e7\u00e3o<\/strong><\/span><\/h2>\n<p><span style=\"font-size: 14px;\">Nome: Jarra de comida selada<\/span><\/p>\n<p><span style=\"font-size: 14px;\">Cor: Transparente<\/span><\/p>\n<p><span style=\"font-size: 14px;\">Tamanho: como mostrado<\/span><\/p>\n<p><span style=\"font-size: 14px;\">Capacidade: 1.5L\/2.3L<\/span><\/p>\n<p><span style=\"font-size: 14px;\">Os produtos incluem: 1pc frasco de armazenamento de alimentos<\/span><\/p>\n<p>&nbsp;<\/p>\n<p><img decoding=\"async\" src=\"https:\/\/ae01.alicdn.com\/kf\/S18f8eb1edb9b43478b4399c5f778c40eL.jpg\" \/><img decoding=\"async\" src=\"https:\/\/ae01.alicdn.com\/kf\/S52bed6e827364982919f4d37b422d49da.jpg\" \/><img decoding=\"async\" src=\"https:\/\/ae01.alicdn.com\/kf\/Sa14d837693124abca87c8efbb2b3963cG.jpg\" \/><img decoding=\"async\" src=\"https:\/\/ae01.alicdn.com\/kf\/Sd6d1cdcafea144d29bde3da3d835225d3.jpg\" \/><img decoding=\"async\" src=\"https:\/\/ae01.alicdn.com\/kf\/S997f95e49e6a43b9837d575688339ee2E.jpg\" \/><img decoding=\"async\" src=\"https:\/\/ae01.alicdn.com\/kf\/Sde61c696a23e4b4ab8110072db67197ez.jpg\" \/><img decoding=\"async\" src=\"https:\/\/ae01.alicdn.com\/kf\/Sa414b3b515c44b5d86af9e00c9b88c6dF.jpg\" \/><img decoding=\"async\" src=\"https:\/\/ae01.alicdn.com\/kf\/S5fe2c8ae2e52465cac9468fdb0a03b50M.jpg\" \/><img decoding=\"async\" src=\"https:\/\/ae01.alicdn.com\/kf\/S1e99e676c71646b990a8244afd7e9a49b.jpg\" \/><img decoding=\"async\" src=\"https:\/\/ae01.alicdn.com\/kf\/Se08f6dd2de34430ebddaa3ca9f7752e18.jpg\" \/><img decoding=\"async\" src=\"https:\/\/ae01.alicdn.com\/kf\/Sf7e6a76ed14d407fb14e2936bfc5f22eU.jpg\" \/><img decoding=\"async\" src=\"https:\/\/ae01.alicdn.com\/kf\/S94c6cb75ffe64a1b953e959e41794529c.jpg\" \/><img decoding=\"async\" src=\"https:\/\/ae01.alicdn.com\/kf\/Sf95993cf1aac422b86b9918dda4417d5o.jpg\" \/><\/p>\n<p>&nbsp;<\/p>\n","protected":false},"excerpt":{"rendered":"<p>ESPECIFICA\u00c7\u00d5ES &nbsp; Marca: NoEnName_Null Origem: China Continental Estilo: Estilo Moderno Material: PP Escolha: sim &nbsp; 4 grades Cereais Recipiente de Alimentos Pote Selado Caracter\u00edstica 1. Recipiente de conserva\u00e7\u00e3o de alimentos do arm\u00e1rio da cozinha, boa veda\u00e7\u00e3o, imperme\u00e1vel e \u00e0 prova de umidade 2. Espa\u00e7o de armazenamento separado para classificar diferentes gr\u00e3os, feij\u00f5es e macarr\u00e3o 3. [&hellip;]<\/p>\n","protected":false},"featured_media":1293,"template":"","meta":[],"product_brand":[],"product_cat":[31,65],"product_tag":[],"class_list":{"0":"post-1302","1":"product","2":"type-product","3":"status-publish","4":"has-post-thumbnail","6":"product_cat-cozinha","7":"product_cat-destaque-principal","9":"first","10":"instock","11":"taxable","12":"shipping-taxable","13":"purchasable","14":"product-type-variable"},"_links":{"self":[{"href":"https:\/\/fabricadanet.com.br\/chateau\/wp-json\/wp\/v2\/product\/1302","targetHints":{"allow":["GET"]}}],"collection":[{"href":"https:\/\/fabricadanet.com.br\/chateau\/wp-json\/wp\/v2\/product"}],"about":[{"href":"https:\/\/fabricadanet.com.br\/chateau\/wp-json\/wp\/v2\/types\/product"}],"wp:featuredmedia":[{"embeddable":true,"href":"https:\/\/fabricadanet.com.br\/chateau\/wp-json\/wp\/v2\/media\/1293"}],"wp:attachment":[{"href":"https:\/\/fabricadanet.com.br\/chateau\/wp-json\/wp\/v2\/media?parent=1302"}],"wp:term":[{"taxonomy":"product_brand","embeddable":true,"href":"https:\/\/fabricadanet.com.br\/chateau\/wp-json\/wp\/v2\/product_brand?post=1302"},{"taxonomy":"product_cat","embeddable":true,"href":"https:\/\/fabricadanet.com.br\/chateau\/wp-json\/wp\/v2\/product_cat?post=1302"},{"taxonomy":"product_tag","embeddable":true,"href":"https:\/\/fabricadanet.com.br\/chateau\/wp-json\/wp\/v2\/product_tag?post=1302"}],"curies":[{"name":"wp","href":"https:\/\/api.w.org\/{rel}","templated":true}]}}