{"id":1671,"date":"2024-07-04T12:32:20","date_gmt":"2024-07-04T16:32:20","guid":{"rendered":"https:\/\/chateauchic.online\/product\/1pc-usb-3x3-32-31-led-curtain-bedroom-lights-christmas-garland-fairy-light-festoon-wedding-home-bedroom-decoration-lighting\/"},"modified":"2024-07-04T12:39:31","modified_gmt":"2024-07-04T16:39:31","slug":"1pc-usb-3x3-32-31-led-curtain-bedroom-lights-christmas-garland-fairy-light-festoon-wedding-home-bedroom-decoration-lighting","status":"publish","type":"product","link":"https:\/\/fabricadanet.com.br\/chateau\/product\/1pc-usb-3x3-32-31-led-curtain-bedroom-lights-christmas-garland-fairy-light-festoon-wedding-home-bedroom-decoration-lighting\/","title":{"rendered":"1pc USB 3&#215;3\/3*2\/3*1 LED Curtain Bedroom Lights Christmas Garland Fairy Light Festoon Wedding Home Bedroom Decoration Lighting"},"content":{"rendered":"<h1>ESPECIFICA\u00c7\u00d5ES<\/h1>\n<p>&nbsp;<\/p>\n<p>Tipo de item: <span style=\"color: #333;\">contas<\/span><\/p>\n<p>Marca: <span style=\"color: #333;\">Nenhum<\/span><\/p>\n<p>Forma: <span style=\"color: #333;\">DIY<\/span><\/p>\n<p>Origem: <span style=\"color: #333;\">China Continental<\/span><\/p>\n<p>Certifica\u00e7\u00e3o: <span style=\"color: #333;\">CE<\/span><\/p>\n<p>Certifica\u00e7\u00e3o: <span style=\"color: #333;\">RoHS<\/span><\/p>\n<p>Escolha: <span style=\"color: #333;\">sim<\/span><\/p>\n<p>&nbsp;<\/p>\n<div class=\"detailmodule_html\">\n<div class=\"detail-desc-decorate-richtext\">\n<p>&nbsp;<\/p>\n<\/div>\n<\/div>\n<div class=\"detailmodule_text\">\n<p class=\"detail-desc-decorate-title\" style=\"font-family: 'OpenSans'; color: #000; font-weight: 900; font-size: 20px; line-height: 28px; margin-bottom: 12px;\">Especifica\u00e7\u00f5es:<\/p>\n<p class=\"detail-desc-decorate-content\" style=\"font-family: 'OpenSans'; color: #000; font-weight: 300; font-size: 14px; line-height: 20px; margin-bottom: 12px;\">Nome do artigo: Led prata fio de cobre cortina de luz<\/p>\n<p>Material: Pl\u00e1stico + Prata fio de cobre<\/p>\n<p>Tamanho:<\/p>\n<p class=\"detail-desc-decorate-content\" style=\"font-family: 'OpenSans'; color: #000; font-weight: 300; font-size: 14px; line-height: 20px; margin-bottom: 12px;\">Largura: 3m * Altura: 1m com 100 LEDs<br \/>\nLargura: 3m * Altura: 2m com 200 LEDs<br \/>\nLargura: 3m * Altura: 3m com 300 LEDs<\/p>\n<p>Alimentado por: USB<\/p>\n<p>Tens\u00e3o: DC 5V<\/p>\n<p>Fonte de luz: LED<\/p>\n<p>Quantidade de LED: 100 \/ 200 \/ 300Leds<\/p>\n<p>Cor do diodo emissor de luz: branco quente \/ branco \/ multicolor<\/p>\n<p>8 modos de interruptor: no USB ou controle remoto<\/p>\n<p>Com controle remoto: Sim<\/p>\n<p><strong><span style=\"font-size: 21px;\"><span style=\"font-family: arial, helvetica, sans-serif;\">Caracter\u00edsticas:<\/span><\/span><\/strong><br \/>\n1. Produto de baixa press\u00e3o, desgaste de corda leve, contas de l\u00e2mpada n\u00e3o vazam, corda de corda imperme\u00e1vel<\/p>\n<p>2 contas de l\u00e2mpada n\u00e3o aquecem, n\u00e3o quentes, podem ser tocadas<\/p>\n<p>3. Seguro, alta flexibilidade, opera\u00e7\u00e3o f\u00e1cil e r\u00e1pida<\/p>\n<p>4. Baixa temperatura, longa vida, ilumina\u00e7\u00e3o de 360 graus, baixo consumo de energia<\/p>\n<p>5. O produto \u00e9 pequeno em tamanho, leve em peso, leva a log\u00edstica e transporte.<\/p>\n<p>6.8 Modos:Combina\u00e7\u00e3o; Em Ondas; Sequencial; Brilho lento; Perseguindo; Desvanecer; Lampejo; Firme<\/p>\n<p>A luz pode facilmente construir o festival ou festa sentir que voc\u00ea deseja;<br \/>\nPerfeito para decorar sua casa, quarto, jardim, etc;<br \/>\nIdeal para Natal, casamento, cerim\u00f4nia e outras festas e eventos;<\/p>\n<p><span style=\"font-size: 21px;\"><strong><span style=\"font-size: 18px; font-family: arial, helvetica, sans-serif;\"><span style=\"font-size: 21px; font-family: Tahoma;\">O pacote inclui:<\/span><\/span><\/strong><\/span><br \/>\n1 PCS LED Curtain Light<br \/>\n1 PCS Remote controller (bateria inclu\u00edda)<\/p>\n<p class=\"detail-desc-decorate-content\" style=\"font-family: 'OpenSans'; color: #000; font-weight: 300; font-size: 14px; line-height: 20px; margin-bottom: 12px;\"><span style=\"font-size: 26px;\"><strong>Aviso:<\/strong><\/span><br \/>\nRecomendamos que voc\u00ea use um adaptador USB 5V 1A-2A. Os bot\u00f5es no USB podem ligar \/ desligar e controlar o modo. O controle remoto requer uma bateria CR2025, mas n\u00e3o est\u00e1 inclu\u00eddo.<\/p>\n<\/div>\n<div class=\"detailmodule_image\"><img decoding=\"async\" class=\"detail-desc-decorate-image\" src=\"https:\/\/ae01.alicdn.com\/kf\/S91a50ebf124b4b41a0cfe173c6f9def8n.jpg\" \/><img decoding=\"async\" class=\"detail-desc-decorate-image\" src=\"https:\/\/ae01.alicdn.com\/kf\/Sfab4bca03fa04e32aed6284f152bac12O.jpg\" \/><img decoding=\"async\" class=\"detail-desc-decorate-image\" src=\"https:\/\/ae01.alicdn.com\/kf\/S71534debbe6e4f20988565268b01dfecA.jpg\" \/><img decoding=\"async\" class=\"detail-desc-decorate-image\" src=\"https:\/\/ae01.alicdn.com\/kf\/S879c7a0d7d2449729f7ef8643037a5c5x.jpg\" \/><img decoding=\"async\" class=\"detail-desc-decorate-image\" src=\"https:\/\/ae01.alicdn.com\/kf\/S9f53aaff82d2423793bc927287a6beb0y.jpg\" \/><img decoding=\"async\" class=\"detail-desc-decorate-image\" src=\"https:\/\/ae01.alicdn.com\/kf\/Sc9c9210b31a8441d97faf996c4d67e5ao.jpg\" \/><img decoding=\"async\" class=\"detail-desc-decorate-image\" src=\"https:\/\/ae01.alicdn.com\/kf\/S1ad4c768ecb64caca92f362feedee149b.jpg\" \/><img decoding=\"async\" class=\"detail-desc-decorate-image\" src=\"https:\/\/ae01.alicdn.com\/kf\/Sb0299d56706145d88461fc955d141851P.jpg\" \/><img decoding=\"async\" class=\"detail-desc-decorate-image\" src=\"https:\/\/ae01.alicdn.com\/kf\/S6c34bfcdb0b64c39b1c84eba8f87af15v.jpg\" \/><\/div>\n<div class=\"detailmodule_image\"><img decoding=\"async\" class=\"detail-desc-decorate-image\" src=\"https:\/\/ae01.alicdn.com\/kf\/S48c2d0ceab6c4973bd0662aa09def5c4n.jpg\" \/><img decoding=\"async\" class=\"detail-desc-decorate-image\" src=\"https:\/\/ae01.alicdn.com\/kf\/S343c6d51c9e24a99b3b50bd52aead5bfX.jpg\" \/><img decoding=\"async\" class=\"detail-desc-decorate-image\" src=\"https:\/\/ae01.alicdn.com\/kf\/Sd9caf5bebbc849bc83173da6a7074e09L.jpg\" \/><img decoding=\"async\" class=\"detail-desc-decorate-image\" src=\"https:\/\/ae01.alicdn.com\/kf\/Saec24df6fc874d258539f05a0037816bB.jpg\" \/><img decoding=\"async\" class=\"detail-desc-decorate-image\" src=\"https:\/\/ae01.alicdn.com\/kf\/Sb158229d6a7449b4a26a9acaf1df3fe5O.jpg\" \/><img decoding=\"async\" class=\"detail-desc-decorate-image\" src=\"https:\/\/ae01.alicdn.com\/kf\/Se1277d7164d5496f8c99b246b548239fL.jpg\" \/><img decoding=\"async\" class=\"detail-desc-decorate-image\" src=\"https:\/\/ae01.alicdn.com\/kf\/S2267d83c41404c15bc611a30c1f95150Z.jpg\" \/><img decoding=\"async\" class=\"detail-desc-decorate-image\" src=\"https:\/\/ae01.alicdn.com\/kf\/S6880dd61ff5e4316beb00becda53689a2.jpg\" \/><img decoding=\"async\" class=\"detail-desc-decorate-image\" src=\"https:\/\/ae01.alicdn.com\/kf\/Sc7b7541ac83a421d91f6a9d23b59aa65b.jpg\" \/><\/div>\n<div class=\"detailmodule_html\">\n<div class=\"detail-desc-decorate-richtext\">\n<p>&nbsp;<\/p>\n<\/div>\n<\/div>\n","protected":false},"excerpt":{"rendered":"<p>ESPECIFICA\u00c7\u00d5ES &nbsp; Tipo de item: contas Marca: Nenhum Forma: DIY Origem: China Continental Certifica\u00e7\u00e3o: CE Certifica\u00e7\u00e3o: RoHS Escolha: sim &nbsp; &nbsp; Especifica\u00e7\u00f5es: Nome do artigo: Led prata fio de cobre cortina de luz Material: Pl\u00e1stico + Prata fio de cobre Tamanho: Largura: 3m * Altura: 1m com 100 LEDs Largura: 3m * Altura: 2m com [&hellip;]<\/p>\n","protected":false},"featured_media":1662,"template":"","meta":[],"product_brand":[],"product_cat":[21,65,32],"product_tag":[],"class_list":{"0":"post-1671","1":"product","2":"type-product","3":"status-publish","4":"has-post-thumbnail","6":"product_cat-sala","7":"product_cat-destaque-principal","8":"product_cat-quarto","10":"first","11":"instock","12":"taxable","13":"shipping-taxable","14":"purchasable","15":"product-type-variable"},"_links":{"self":[{"href":"https:\/\/fabricadanet.com.br\/chateau\/wp-json\/wp\/v2\/product\/1671","targetHints":{"allow":["GET"]}}],"collection":[{"href":"https:\/\/fabricadanet.com.br\/chateau\/wp-json\/wp\/v2\/product"}],"about":[{"href":"https:\/\/fabricadanet.com.br\/chateau\/wp-json\/wp\/v2\/types\/product"}],"wp:featuredmedia":[{"embeddable":true,"href":"https:\/\/fabricadanet.com.br\/chateau\/wp-json\/wp\/v2\/media\/1662"}],"wp:attachment":[{"href":"https:\/\/fabricadanet.com.br\/chateau\/wp-json\/wp\/v2\/media?parent=1671"}],"wp:term":[{"taxonomy":"product_brand","embeddable":true,"href":"https:\/\/fabricadanet.com.br\/chateau\/wp-json\/wp\/v2\/product_brand?post=1671"},{"taxonomy":"product_cat","embeddable":true,"href":"https:\/\/fabricadanet.com.br\/chateau\/wp-json\/wp\/v2\/product_cat?post=1671"},{"taxonomy":"product_tag","embeddable":true,"href":"https:\/\/fabricadanet.com.br\/chateau\/wp-json\/wp\/v2\/product_tag?post=1671"}],"curies":[{"name":"wp","href":"https:\/\/api.w.org\/{rel}","templated":true}]}}